{"id":1351,"date":"2025-04-09T10:47:37","date_gmt":"2025-04-09T08:47:37","guid":{"rendered":"http:\/\/festivalpalindrome.fr\/?page_id=1351"},"modified":"2025-05-19T15:58:58","modified_gmt":"2025-05-19T13:58:58","slug":"samedi-7-juin","status":"publish","type":"page","link":"https:\/\/festivalpalindrome.fr\/?page_id=1351","title":{"rendered":"2025 SAMEDI 7 JUIN"},"content":{"rendered":"\n<div class=\"wp-block-media-text alignwide has-luminous-vivid-amber-background-color\" style=\"grid-template-columns:48% auto\"><figure class=\"wp-block-media-text__media\"><img loading=\"lazy\" decoding=\"async\" width=\"1024\" height=\"683\" src=\"http:\/\/festivalpalindrome.fr\/wp-content\/uploads\/2021\/05\/chateaux-P.Leiva-DSC05760-1024x683-1024x683.jpg\" alt=\"\" class=\"wp-image-397\" srcset=\"https:\/\/festivalpalindrome.fr\/wp-content\/uploads\/2021\/05\/chateaux-P.Leiva-DSC05760-1024x683.jpg 1024w, https:\/\/festivalpalindrome.fr\/wp-content\/uploads\/2021\/05\/chateaux-P.Leiva-DSC05760-1024x683-300x200.jpg 300w, https:\/\/festivalpalindrome.fr\/wp-content\/uploads\/2021\/05\/chateaux-P.Leiva-DSC05760-1024x683-768x512.jpg 768w\" sizes=\"auto, (max-width: 767px) 89vw, (max-width: 1000px) 54vw, (max-width: 1071px) 543px, 580px\" \/><\/figure><div class=\"wp-block-media-text__content\">\n<p style=\"text-align:center\" class=\"has-medium-font-size\"><font color=\"#191e23\"><span style=\"background-color: rgb(232, 234, 235);\"><b>14H&nbsp;<\/b><\/span><\/font><br><font color=\"#191e23\"><span style=\"background-color: rgb(232, 234, 235);\"><b>INAUGURATION<\/b><\/span><\/font><br><\/p>\n<\/div><\/div>\n\n\n\n<h2 class=\"wp-block-heading\" style=\"text-align:center\" id=\"Moses\">.<\/h2>\n\n\n\n<h3 class=\"wp-block-heading\" style=\"text-align:center\" id=\"ouverture\"><strong> 14h30 Spectacle&nbsp;d&#8217;ouverture<\/strong><br><\/h3>\n\n\n\n<h6 class=\"wp-block-heading\" style=\"text-align:center\">Par l&#8217;atelier th\u00e9\u00e2tre des Adrets<br><\/h6>\n\n\n\n<h2 class=\"wp-block-heading\" style=\"text-align:center\" id=\"Moses\">.<\/h2>\n\n\n\n<h3 class=\"wp-block-heading\" style=\"text-align:center\" id=\"lecture\"><strong>14h45 : Lecture en cour(s) &#8211; de r\u00e9cr\u00e9 &#8211;<\/strong><br>Restitution d\u2019atelier \u00e9criture<\/h3>\n\n\n\n<h6 class=\"wp-block-heading\" style=\"text-align:center\">Coll\u00e8ge de Villard-Bonnot <br><\/h6>\n\n\n\n<h2 class=\"wp-block-heading\" style=\"text-align:center\" id=\"Chant\">.<\/h2>\n\n\n\n<h3 class=\"wp-block-heading\" style=\"text-align:center\" id=\"Romjul\"><strong> 15h00 : Hashtag Romjul<\/strong><br><em>de Nicolas F. Vargas<\/em><br><\/h3>\n\n\n\n<h6 class=\"wp-block-heading\" style=\"text-align:center\">Par la Troupe d\u2019Horizons, Meylan<strong><br><\/strong><\/h6>\n\n\n\n<p> Vous connaissez toutes et tous l&#8217;histoire de Rom\u00e9o et Juliette. Vous connaissez tous et toutes la vie des ados d&#8217;aujourd&#8217;hui. Si vous en \u00eates loin, pas de panique! Voici une remise \u00e0 niveau deux en un.<br>Ici, Rom\u00e9o et Juliette ont quinze ans, sont en troisi\u00e8me et passent bient\u00f4t le brevet. En 2025, m\u00eame si les Capulet ha\u00efssent moins les Montaigu,&nbsp;m\u00eame si l&#8217;amour prend d&#8217;autres tournants,&nbsp;la trag\u00e9die r\u00f4de encore.<br>Le temps d&#8217;un spectacle, venez d\u00e9couvrir l&#8217;univers coll\u00e9gien, en pleine temp\u00eate amoureuse. Donnons un nouveau souffle \u00e0 Shakespeare! <\/p>\n\n\n\n<h2 class=\"wp-block-heading\" style=\"text-align:center\" id=\"princesse\">.<\/h2>\n\n\n\n<h3 class=\"wp-block-heading\" style=\"text-align:center\" id=\"vilains-petits\"><strong>16h20 : Les Vilains petits<\/strong><br><em>De Catherine&nbsp;Verlaguet<\/em><\/h3>\n\n\n\n<h6 class=\"wp-block-heading\" style=\"text-align:center\">Par la Troupe MJC de Ste-Agn\u00e8s-St-Mury<br><\/h6>\n\n\n\n<p>Maya, Loan et Valentin sont ins\u00e9parables. Mais quand un petit nouveau qui n&#8217;a pas froid aux yeux arrive dans la classe, les r\u00e8gles du jeu sont bouscul\u00e9es. Au rythme des journ\u00e9es qui passent, cette mini-soci\u00e9t\u00e9 enfantine va conna\u00eetre des instants forts, des alliances mouvantes et des moments de complicit\u00e9. <br><\/p>\n\n\n\n<h2 class=\"wp-block-heading\" style=\"text-align:center\" id=\"Ap\u00e9ro\">.<\/h2>\n\n\n\n<h3 class=\"wp-block-heading\" style=\"text-align:center\" id=\"for\u00eat\"><strong>17h20 : La&nbsp;For\u00eat&nbsp;des&nbsp;possibles<\/strong><br><em>De Andr\u00e9anne Joubert<\/em><\/h3>\n\n\n\n<h6 class=\"wp-block-heading\" style=\"text-align:center\">Par la Troupe 11\/13 ans des Adrets<br><\/h6>\n\n\n\n<p>Dans le sous-sol d&#8217;une \u00e9cole primaire qui est devenu leur rep\u00e8re, quatre jeunes cachent un secret : Hortense, abandonn\u00e9e dans ce lieu incongru. Les quatre amis en prennent soin et Hortense leur rend bien en prot\u00e9geant leurs r\u00eaves et en les encourageant \u00e0 \u00eatre eux-m\u00eames.<\/p>\n\n\n\n<p style=\"text-align:center\">.<\/p>\n\n\n\n<div class=\"wp-block-image\"><figure class=\"aligncenter\"><img loading=\"lazy\" decoding=\"async\" width=\"1024\" height=\"468\" src=\"https:\/\/festivalpalindrome.fr\/wp-content\/uploads\/2025\/05\/spectaclespros-1-1024x468.jpg\" alt=\"\" class=\"wp-image-1424\" srcset=\"https:\/\/festivalpalindrome.fr\/wp-content\/uploads\/2025\/05\/spectaclespros-1-1024x468.jpg 1024w, https:\/\/festivalpalindrome.fr\/wp-content\/uploads\/2025\/05\/spectaclespros-1-300x137.jpg 300w, https:\/\/festivalpalindrome.fr\/wp-content\/uploads\/2025\/05\/spectaclespros-1-768x351.jpg 768w\" sizes=\"auto, (max-width: 767px) 89vw, (max-width: 1000px) 54vw, (max-width: 1071px) 543px, 580px\" \/><\/figure><\/div>\n\n\n\n<h6 class=\"wp-block-heading\" style=\"text-align:center\" id=\"processus\">Tout public, \u00e0 partir de 15 ans<br>45 minutes <br>Salle Loury<\/h6>\n\n\n\n<p style=\"text-align:center\"> <strong>\u200bTARIF&nbsp;&lt; 15 ans :&nbsp;10 euros<\/strong> <br><strong>TARIF&nbsp;ADULTE :&nbsp;10\/12\/15&nbsp;euros<\/strong> <br><\/p>\n\n\n\n<p style=\"text-align:center\" class=\"has-background has-medium-font-size has-luminous-vivid-amber-background-color\"><strong><a href=\"https:\/\/www.helloasso.com\/associations\/theatre-au-village\/evenements\/festival-palindrome-2025\">R\u00e9server<\/a><\/strong><\/p>\n\n\n\n<p>Fabien et Claire ont 15 ans. Ils sont amoureux et \u00e7a y est.<br>Ils l&#8217;ont fait ! C&#8217;\u00e9tait il y a quinze jours et depuis Claire y pense tout le temps. <br>Ce souvenir lui colle des papillons dans le cerveau. Mais aujourd&#8217;hui, c&#8217;est l&#8217;inqui\u00e9tude qui prend le dessus. Au fond d&#8217;elle, Claire le sent, un processus a commenc\u00e9, l\u00e0, dans son corps, elle le sait et va devoir prendre une d\u00e9cision. \u00c0 travers son r\u00e9cit et un dispositif sonore immersif, nous accompagnons Claire sur ces quelques jours o\u00f9 tout se joue &#8211; o\u00f9 se d\u00e9joue, plut\u00f4t. Ses doutes, sensations, col\u00e8res, ses pulsations internes\u2026 <br><br>Un texte sensible et fort sur l&#8217;amour au plus pr\u00e8s des adolescents.<\/p>\n\n\n\n<p class=\"has-small-font-size\"><strong>Texte <\/strong>Catherine Verlaguet<br><strong>Mise en sc\u00e8ne<\/strong> Johanny Bert<br><strong>Interpr\u00e8te <\/strong>Juliette Allain<br><strong>Accompagnateur de tourn\u00e9e<\/strong> Julien Leonelli<br><strong>Cr\u00e9ation sonore<\/strong> Jean-Baptiste de Tonqu\u00e9dec, Marc de Frutos<br><strong>Cr\u00e9ation costumes<\/strong> Alma Bousquet, Romain Fazi et P\u00e9tronille Salom\u00e9<br><strong>Avec les voix de<\/strong> Juliette Plumecocq, Geert Van Herwijnen, Delphine L\u00e9onard et Julien Leonelli<br><strong>Administration, production, d\u00e9veloppement<\/strong> le petit bureau \u2013 Virginie Hammel, Nora Fernezelyi<br><\/p>\n\n\n\n<p class=\"has-small-font-size\"><strong>Production <\/strong>Th\u00e9\u00e2tre de Romette Coproductions La Filature, Sc\u00e8ne nationale &#8211; Mulhouse, Th\u00e9\u00e2tre Le Forum &#8211; Fr\u00e9jus, Th\u00e9\u00e2tre de la Croix-Rousse -Lyon. <br><strong>Avec le soutien de<\/strong> La Chartreuse de Villeneuve-lez-Avignon (r\u00e9sidence d\u2019\u00e9criture), Les Tr\u00e9teaux de France &#8211; Centre Dramatique National et la Maison des M\u00e9tallos. <br>Le Th\u00e9\u00e2tre de Romette est conventionn\u00e9 par la DRAC Auvergne-Rh\u00f4ne-Alpes, <br>la R\u00e9gion Auvergne-Rh\u00f4ne-Alpes et la Ville de Clermont-Ferrand. Le Th\u00e9\u00e2tre de Romette est une compagnie en r\u00e9sidence \u00e0 Malakoff Sc\u00e8ne nationale et au S\u00e9maphore \u00e0 C\u00e9bazat. Johanny Bert est artiste associ\u00e9 au Th\u00e9\u00e2tre de Gascogne \u2013 Mont-de-Marsan. Catherine Verlaguet est artiste complice de La Filature, Sc\u00e8ne nationale \u2013 Mulhouse.<\/p>\n","protected":false},"excerpt":{"rendered":"<p>14H&nbsp;INAUGURATION . 14h30 Spectacle&nbsp;d&#8217;ouverture Par l&#8217;atelier th\u00e9\u00e2tre des Adrets . 14h45 : Lecture en cour(s) &#8211; de r\u00e9cr\u00e9 &#8211;Restitution d\u2019atelier \u00e9criture Coll\u00e8ge de Villard-Bonnot . 15h00 : Hashtag Romjulde Nicolas F. Vargas Par la Troupe d\u2019Horizons, Meylan Vous connaissez toutes et tous l&#8217;histoire de Rom\u00e9o et Juliette. Vous connaissez tous et toutes la vie des &hellip; <\/p>\n<p class=\"link-more\"><a href=\"https:\/\/festivalpalindrome.fr\/?page_id=1351\" class=\"more-link\">Continuer la lecture<span class=\"screen-reader-text\"> de &laquo;&nbsp;2025 SAMEDI 7 JUIN&nbsp;&raquo;<\/span><\/a><\/p>\n","protected":false},"author":1,"featured_media":0,"parent":0,"menu_order":0,"comment_status":"closed","ping_status":"closed","template":"","meta":{"footnotes":""},"class_list":["post-1351","page","type-page","status-publish","hentry"],"_links":{"self":[{"href":"https:\/\/festivalpalindrome.fr\/index.php?rest_route=\/wp\/v2\/pages\/1351","targetHints":{"allow":["GET"]}}],"collection":[{"href":"https:\/\/festivalpalindrome.fr\/index.php?rest_route=\/wp\/v2\/pages"}],"about":[{"href":"https:\/\/festivalpalindrome.fr\/index.php?rest_route=\/wp\/v2\/types\/page"}],"author":[{"embeddable":true,"href":"https:\/\/festivalpalindrome.fr\/index.php?rest_route=\/wp\/v2\/users\/1"}],"replies":[{"embeddable":true,"href":"https:\/\/festivalpalindrome.fr\/index.php?rest_route=%2Fwp%2Fv2%2Fcomments&post=1351"}],"version-history":[{"count":16,"href":"https:\/\/festivalpalindrome.fr\/index.php?rest_route=\/wp\/v2\/pages\/1351\/revisions"}],"predecessor-version":[{"id":1586,"href":"https:\/\/festivalpalindrome.fr\/index.php?rest_route=\/wp\/v2\/pages\/1351\/revisions\/1586"}],"wp:attachment":[{"href":"https:\/\/festivalpalindrome.fr\/index.php?rest_route=%2Fwp%2Fv2%2Fmedia&parent=1351"}],"curies":[{"name":"wp","href":"https:\/\/api.w.org\/{rel}","templated":true}]}}